{"id":79,"date":"2024-04-08T19:01:06","date_gmt":"2024-04-08T17:01:06","guid":{"rendered":"https:\/\/wp.hds-consult.com\/?page_id=79"},"modified":"2024-09-17T12:27:51","modified_gmt":"2024-09-17T10:27:51","slug":"lohnoptimierung","status":"publish","type":"page","link":"https:\/\/wp.hds-consult.com\/?page_id=79","title":{"rendered":"Lohnoptimierung"},"content":{"rendered":"\n<h2 class=\"wp-block-heading\">Sie planen eine Gehaltserh\u00f6hung oder \u00dcberstundenverg\u00fctung?<\/h2>\n\n\n\n<hr class=\"wp-block-separator has-alpha-channel-opacity is-style-wide\"\/>\n\n\n\n<p>Wir beraten Sie mit unserem Partner \u00fcber die f\u00fcr Sie und Ihren Mitarbeiter beste Lohnoptimierung<br><\/p>\n\n\n\n<figure class=\"wp-block-video\"><video height=\"1080\" style=\"aspect-ratio: 1920 \/ 1080;\" width=\"1920\" controls src=\"http:\/\/wp.hds-consult.com\/wp-content\/uploads\/2024\/04\/01-Lohnkonzepte-GmbH-Video-v2.mp4\"><\/video><\/figure>\n\n\n\n<blockquote class=\"wp-block-quote is-layout-flow wp-block-quote-is-layout-flow\">\n<p class=\"has-black-color has-text-color has-link-color has-medium-font-size wp-elements-9ea9de3557edab6b4469dff93e6affdc\"><\/p>\n<\/blockquote>\n\n\n\n<hr class=\"wp-block-separator aligncenter has-text-color has-black-color has-alpha-channel-opacity has-black-background-color has-background is-style-wide\"\/>\n\n\n\n<p><\/p>\n","protected":false},"excerpt":{"rendered":"<p>Sie planen eine Gehaltserh\u00f6hung oder \u00dcberstundenverg\u00fctung? Wir beraten Sie mit unserem Partner \u00fcber die f\u00fcr Sie und Ihren Mitarbeiter beste Lohnoptimierung<\/p>\n","protected":false},"author":1,"featured_media":0,"parent":77,"menu_order":0,"comment_status":"closed","ping_status":"closed","template":"","meta":{"footnotes":""},"class_list":["post-79","page","type-page","status-publish","hentry"],"_links":{"self":[{"href":"https:\/\/wp.hds-consult.com\/index.php?rest_route=\/wp\/v2\/pages\/79","targetHints":{"allow":["GET"]}}],"collection":[{"href":"https:\/\/wp.hds-consult.com\/index.php?rest_route=\/wp\/v2\/pages"}],"about":[{"href":"https:\/\/wp.hds-consult.com\/index.php?rest_route=\/wp\/v2\/types\/page"}],"author":[{"embeddable":true,"href":"https:\/\/wp.hds-consult.com\/index.php?rest_route=\/wp\/v2\/users\/1"}],"replies":[{"embeddable":true,"href":"https:\/\/wp.hds-consult.com\/index.php?rest_route=%2Fwp%2Fv2%2Fcomments&post=79"}],"version-history":[{"count":7,"href":"https:\/\/wp.hds-consult.com\/index.php?rest_route=\/wp\/v2\/pages\/79\/revisions"}],"predecessor-version":[{"id":113,"href":"https:\/\/wp.hds-consult.com\/index.php?rest_route=\/wp\/v2\/pages\/79\/revisions\/113"}],"up":[{"embeddable":true,"href":"https:\/\/wp.hds-consult.com\/index.php?rest_route=\/wp\/v2\/pages\/77"}],"wp:attachment":[{"href":"https:\/\/wp.hds-consult.com\/index.php?rest_route=%2Fwp%2Fv2%2Fmedia&parent=79"}],"curies":[{"name":"wp","href":"https:\/\/api.w.org\/{rel}","templated":true}]}}